mine f(z).
-3
Let y(o) = -o + 1. Let l(i) = -4*i + 15. Let u(c) = l(c) - 5*y(c). Determine u(-6).
4
Let x = -5 + 8. Let a(y) be the third derivative of y**7/2520 - y**6/180 + y**5/40 + y**4/8 - y**2. Let f(l) be the second derivative of a(l). Calculate f(x).
0
Let x(n) = 23*n + 20. Suppose 2*r = 6*r - 24. Let s(p) = -7 - 3*p - r*p + p. Let t(f) = 17*s(f) + 6*x(f). What is t(-4)?
-7
Let o(a) = -a**3 - 7*a**2 - 4*a - 1. Suppose 0 + 14 = -2*z. Give o(z).
27
Suppose -2*i + 2*n = 8, 2*n + 2*n = 0. Let x(w) = w**3 + 5*w**2 + 6*w + 4. Give x(i).
-4
Let f(b) = b**2 - 8*b - 7. Let d be f(9). Let z(y) = -4*y + 2*y**2 + y + 2*y**2. Determine z(d).
10
Let c(a) = 4 - 2*a**3 + a**2 + 3*a**3 - 6. Suppose 45*j = 42*j - 6. Give c(j).
-6
Suppose h = 3*z - h - 2, -4*z = -2*h - 4. Let c(f) = -5 + f**3 - 9*f**2 + 4*f**z + 0 + 4*f. Let u(t) = t**3 + 4*t**2 - 4. Let j be u(-2). Calculate c(j).
-5
Let b(k) be the second derivative of k**3/6 + 3*k**2 + 13*k. Determine b(-8).
-2
Let t(j) = 13*j**2 - 1. Suppose 44 = 6*q - 2*q. Suppose 5*k - r + 1 = k, -2*r = 5*k + q. Calculate t(k).
12
Let z(i) = 11*i - 10*i + 4*i. Calculate z(-2).
-10
Let k(c) be the first derivative of -c**2/2 + 5*c + 6. Let h(p) be the third derivative of -p**5/60 - p**4/3 - 7*p**3/6 - p**2. Let g be h(-6). Determine k(g).
0
Let a(z) = z + 4. Let t be 12/10*(-40)/(-12). Let k be (0/t)/4 + -3. Give a(k).
1
Let w = -11 - -10. Let m(p) = 2*p**2 + p. Calculate m(w).
1
Let j be (-4)/(-2) + 0 - 0. Let d(k) = -k + 81 - k**j - 81. Suppose 0 = 3*x - q + 3, 5*x - 2*q + 5*q = 9. What is d(x)?
0
Let y(x) = 21*x**2 - 31*x - 36. Let v(r) = -4*r**2 + 6*r + 7. Let g(w) = 11*v(w) + 2*y(w). What is g(4)?
-11
Let u(a) = -5*a - 1. Let z(q) = 3*q**2. Let j be z(1). Suppose -3*b + 5*m = -24, 6*b - 3*b + j*m - 24 = 0. Let h be ((-4)/(-16))/(2/b). Determine u(h).
-6
Let i(b) = -6*b**3 + 8*b**2 - 7*b + 9. Let z(p) = -p**3 + 1. Let m(g) = i(g) - 5*z(g). Determine m(7).
4
Suppose 0 = 13*x - 17*x. Let q(n) = n**3 - n + 9. What is q(x)?
9
Let p be (-4)/(-10) - 60/25. Let s be 7 - p/(6/(-9)). Suppose 2*j = -s*k - 3*j - 9, 2*k - 1 = 3*j. Let l(t) = -5*t**2 - t. What is l(k)?
-4
Let o(n) = 9*n**3 + n**2 - 12*n + 19. Let x(r) = 4*r**3 - 6*r + 9. Let s(i) = 3*o(i) - 7*x(i). Calculate s(4).
2
Let l be 4 + (0 + -2)/2. Suppose 2*p - 2*z + 0 = -4, -14 = -p - 3*z. Let m(u) = 0*u - 3*u**2 + 2*u**p + u**3 - 3 - 3*u. Calculate m(l).
6
Let v(g) be the second derivative of -g**6/360 + g**5/40 + g**4/12 - 2*g. Let u(w) be the third derivative of v(w). What is u(4)?
-5
Suppose 0 = i + 1 - 4. Let l(d) be the first derivative of 3*d**2/2 + 2*d - 1. Determine l(i).
11
Let t(y) = -y + y**2 + y - 2*y**2 + 2 + 2*y. Give t(6).
-22
Let q(j) = 5*j + j**2 + j + 2*j**2 + 2. Let l(n) = n**2. Suppose -3*z - 2*r - 12 = -5*z, 5*r = -z - 6. Let u(o) = z*l(o) - q(o). Determine u(5).
-7
Let c(q) = 3*q - 1. Suppose 0*w + w = -5. Let i(p) = p**2 + 5*p - 2. Let o be i(w). Determine c(o).
-7
Let o(v) = 3*v + v - v. Let h be o(1). Let m(k) = -k**3 + 3*k**2 + k + 2. Determine m(h).
5
Let v = -9 - -12. Let d(g) be the third derivative of g**6/120 - g**5/30 - 2*g**3/3 + 2*g**2. Calculate d(v).
5
Let i(u) be the first derivative of u**5/20 + u**4/3 - 2*u**2 - u + 1. Let s(q) be the first derivative of i(q). Let y = 209 + -213. Determine s(y).
-4
Suppose 2*y = 3*b + 2*b - 25, -3*b + 14 = -y. Let n(h) = -6*h**3 - h**2 - 8*h**3 + b*h**3 + 1 + h. Suppose -2*i = u - 7, 6 = -2*u + 7*i - 6*i. Calculate n(u).
10
Let x(f) = -f**3 + 4*f**2 + 5*f. Let a be x(5). Let g = 4 - a. Let v(n) = n**3. Let k(c) = -c**3 - 4*c**2 - 2*c + 3. Let z(w) = k(w) + 2*v(w). Determine z(g).
-5
Let f(t) be the third derivative of -t**5/30 + t**3/6 + 11*t**2. Let p(h) = h + 4. Let b be p(-5). Let a be (-1)/((b/(-2))/1). What is f(a)?
-7
Let v(n) be the third derivative of -n**6/120 + n**5/60 + 5*n**3/6 + n**2 + 21*n. What is v(0)?
5
Let t be (-2)/(-1*(0 - -1)). Let x be (-5)/(-2) + 3/(-6). Let m(u) = -5 + 4 - 1 + u + u**x. Give m(t).
4
Let s(z) = -z + 7. Suppose 4*a = 8*a - 12. What is s(a)?
4
Let v(x) = x**2 - 2*x + 2. Let h(z) = 5*z + 1 + 0*z**2 + z**2 + 2. Let c be h(-5). Give v(c).
5
Let h(i) = -2*i**3 - 5*i + 6*i + 0 + 1. Let a be h(-1). Let l be ((-3 - 0) + a)*1. Let k(n) = -n**2 - n + 1. What is k(l)?
1
Let n be (-2)/6 + (-55)/15. Let t(d) = d**2 + 3*d**2 - 6*d**2 + 2*d + 3*d**2 + 4. Determine t(n).
12
Let s(h) = -h**2 + 9*h - 7. Let p(l) = -l**2 + 5*l - 4. Let d(m) = 5*p(m) - 3*s(m). Give d(1).
-3
Let l(u) = 5*u - 1. Suppose 0 = m - a - 6, -2*a - 6 = -3*m - 5*a. Suppose 0 = -0*j - 4*j + m. Give l(j).
4
Let c(o) be the first derivative of -1/2*o**2 - 2*o + 6. Let j = -4 - 1. Calculate c(j).
3
Let t(n) = -n**2 - 7*n + 13. Let k be t(-9). Let a(s) = -3*s - 5. Determine a(k).
10
Let g(a) = a**3 - 2*a**2 - a. Let v = 7 + -4. Let k be g(v). Let h(q) = q - 5. Calculate h(k).
1
Let x(p) = -5*p**2 - 4*p - 5*p + 9 + 6*p**2. Calculate x(7).
-5
Let z(i) = -2*i - 1. Let g be z(2). Let k(p) be the second derivative of -p**3/6 - 3*p**2/2 - 6*p. Determine k(g).
2
Suppose -4*k - 2*l + 8 = 0, -3*k + 11 = 4*l - 0. Let j(t) = 4*t**2 - t. What is j(k)?
3
Let q(g) = -g**2 + 4*g - 1. Let p be q(3). Suppose -p*t = -3*t + 2. Let i(m) = -4*m**2 - t*m**2 + 6*m - 5*m. Determine i(-1).
-7
Suppose 0 = 4*m - 2*p - 4, -5*p = 2*m - 3*m - 17. Let h(k) = 2*k**3 - 4*k - 6*k**2 - 3*k - m*k**3 - 4. Calculate h(-4).
-8
Let a(q) = q**3 + 8*q**2 - 10*q - 6. Let l be a(-9). Let k(p) = -1 + l + 11*p**3 - 18*p**3 - 1 + p**2 - 2*p. Suppose -2*d = 2*d - 4. Determine k(d).
-7
Let y(r) = -r**2 - 2*r - 3. Let v(a) = a + 2. Let j(t) = -4*v(t) - 3*y(t). Let o be j(-1). Let n(z) = z - 2. Calculate n(o).
0
Let w(h) be the first derivative of -1/3*h**3 - 2 + h + 5/2*h**2. Let l be (-20)/(-7) + 5/35. Give w(l).
7
Let c(a) = -a**3 - 3*a**2 + 3*a - 4. Let q(m) = 3*m**3 + 7*m**2 - 6*m + 9. Suppose z - 2*x - 5 = 6, -14 = -z + 3*x. Let o(y) = z*c(y) + 2*q(y). Give o(2).
8
Let j(n) = 2*n + 2. Let m(p) = p + 1. Let q be (-89)/(-7) - (-2)/7. Suppose -2*u = 3*t + q, 4*u = -5*t - 27 + 2. Let s(v) = t*j(v) + m(v). What is s(-4)?
3
Let p(d) = -2 - 4*d + 8*d + 3 + 0*d. What is p(-1)?
-3
Suppose -2*f = 3*f + 20. Let c be 4*1/f*-2. Let v(t) be the first derivative of t**2 - t + 2. Determine v(c).
3
Let v be -6*(1 + (-10)/6). Let u(o) = o**2 - o. Let g(q) = -q**2 - q + 1. Let b be 2 - (-2)/1 - 2. Let y(j) = b*u(j) + g(j). What is y(v)?
5
Let m(u) = u + 3. Suppose -5*n + 3*x + 4 = -7, -n - 5 = -3*x. Determine m(n).
7
Let i(a) be the first derivative of -a**3/3 + a - 19. What is i(-4)?
-15
Let h(r) = -r + 2. Let y(x) = -2*x**2 + 2*x - 2. Let k be y(0). Determine h(k).
4
Let r(g) = -g**2 + 6*g - 3. Let o be r(5). Let m(d) = -2*d**3 + 3*d**2 - 2*d. Calculate m(o).
-8
Let o(k) = k**3 - 9*k**2 + 4. Let w be o(9). Let s(c) = c + 2. Let y(a) = 2*a + 5. Let r(b) = -9*s(b) + 4*y(b). Determine r(w).
-2
Let i be (-2)/(-4) + (-25)/(-10). Suppose -2*h - 2*r + 8 = 0, i*r = 5*h + 2*r + 4. Let x(m) = m + 2 + h + 3 - 4*m. Calculate x(4).
-7
Let r(s) be the first derivative of 2*s**3/3 - 4*s**2 - 3*s - 5. Let f be r(5). Let l(v) = -v + 3. Calculate l(f).
-4
Let r = -1 + -3. Let o = -2 + 5. Let j(n) = 3*n + 1. Let h(k) = k. Let b(z) = o*j(z) - 8*h(z). Give b(r).
-1
Let z(j) = -23*j - 1 + 1 + 18*j. Suppose 0 = -l - 4 + 2. Let d(v) = -v. Let i(y) = l*d(y) + 2*z(y). Calculate i(1).
-8
Suppose 0 = -y - 1, -6*w + 5*w = y + 2. Let x(s) = 15*s**2 - 1. What is x(w)?
14
Let h(b) be the second derivative of -b**3/6 - 3*b**2/2 + 4*b. Let j be h(-4). Let k be (j/2)/(1/10). Let o(t) = -2*t + 5. Determine o(k).
-5
Let b(i) = -7*i**2 + 2*i + 2*i + 1 - 3*i. Let m = 4 - 2. Suppose -7*v + 19 = j - m*v, 4 = v. Give b(j).
-7
Let n(j) = j**2 - 1 - 2*j - 6 - 1 - j. Calculate n(6).
10
Let g(o) be the first derivative of 0*o + 4 - 1/6*o**3 - 1/3*o**4 - 5/2*o**2. Let k(a) be the second derivative of g(a). What is k(-1)?
7
Let x(d) = -4*d + 7. Let u(l) = -5*l + 8. Let q(r) = 3*u(r) - 4*x(r). Let c be ((-9)/(-6))/(-1)*-2. Give q(c).
-1
Let l(j) = -j**3 + 3*j. Let a(k) = 2*k**3 + 29*k. Let o(r) = r**3 + 10*r. Let c(y) = 3*a(y) - 8*o(y). Let z(f) = -2*c(f) + 5*l(f). Give z(-2).
6
Suppose 0 = 2*y + i + 4 - 8, -4*y + 2*i = -16. Let p be y/(-3)*(-1)/1. Let v(o) = 8*o + 1. Let h(u) = 7*u + 1. Let a(f) = 6*h(f) - 